{"id":134,"date":"2021-05-12T19:52:14","date_gmt":"2021-05-12T19:52:14","guid":{"rendered":"http:\/\/thomas-schmitt.ch\/?page_id=134"},"modified":"2025-03-25T13:05:33","modified_gmt":"2025-03-25T13:05:33","slug":"ueber-mich","status":"publish","type":"page","link":"https:\/\/thomas-schmitt.ch\/?page_id=134","title":{"rendered":"\u00dcber Thomas"},"content":{"rendered":"\n<h4 class=\"wp-block-heading has-accent-2-color has-text-color has-background\" style=\"background-color:#f3f7f6\">Fr\u00fcher<\/h4>\n\n\n\n<div class=\"wp-block-media-text alignwide has-media-on-the-right is-stacked-on-mobile\" style=\"grid-template-columns:auto 24%\"><div class=\"wp-block-media-text__content\">\n<p style=\"font-size:20px\">2020 bin ich 60 Jahre alt geworden. Schon vorher habe ich gewusst, dass ich nicht bis zur Rente in dem Beruf bleiben werde, den ich seit mehr als 30 Jahren ausge\u00fcbt habe: IT Beratung in meinem eigenen, mit einem Partner gef\u00fchrten Unternehmen. Ebenso klar war mir, dass ich auch nicht in meinen erlernten Beruf Primar- (Grund-) Schullehrer zur\u00fcckkehren werde. Beides habe ich zur jeweiligen Zeit sehr gerne gemacht. Aber manchmal muss man eben auch was neues machen.<\/p>\n<\/div><figure class=\"wp-block-media-text__media\"><img loading=\"lazy\" decoding=\"async\" width=\"496\" height=\"155\" src=\"https:\/\/thomas-schmitt.ch\/wp-content\/uploads\/2021\/05\/gits_logo.jpg\" alt=\"\" class=\"wp-image-322 size-vp_sm\" srcset=\"https:\/\/thomas-schmitt.ch\/wp-content\/uploads\/2021\/05\/gits_logo.jpg 496w, https:\/\/thomas-schmitt.ch\/wp-content\/uploads\/2021\/05\/gits_logo-300x94.jpg 300w\" sizes=\"auto, (max-width: 496px) 100vw, 496px\" \/><\/figure><\/div>\n\n\n\n<h4 class=\"wp-block-heading has-accent-2-color has-text-color has-background\" style=\"background-color:#f3f7f6\">Heute<\/h4>\n\n\n\n<div class=\"wp-block-media-text alignwide is-stacked-on-mobile\"><figure class=\"wp-block-media-text__media\"><img loading=\"lazy\" decoding=\"async\" width=\"2560\" height=\"2560\" src=\"https:\/\/thomas-schmitt.ch\/wp-content\/uploads\/2021\/05\/IMG_2959-scaled.jpg\" alt=\"\" class=\"wp-image-16 size-full\" srcset=\"https:\/\/thomas-schmitt.ch\/wp-content\/uploads\/2021\/05\/IMG_2959-scaled.jpg 2560w, https:\/\/thomas-schmitt.ch\/wp-content\/uploads\/2021\/05\/IMG_2959-300x300.jpg 300w\" sizes=\"auto, (max-width: 2560px) 100vw, 2560px\" \/><\/figure><div class=\"wp-block-media-text__content\">\n<p style=\"font-size:20px\">Schon immer habe ich unheimlich gerne mit Holz gearbeitet &#8211; seit Anfang der 2000-er Jahren lebe ich auch in einem Holzhaus. So war es f\u00fcr mich eigentlich logisch, dass ich Arbeiten mit Holz zu meinem Hobby gemacht habe. Im Unterschied zu &#8222;vorher&#8220; habe ich mir eine tolle Werkstatt eingerichtet und mir einige Maschinen zugelegt, die mir genaueres und effizienteres Arbeiten erm\u00f6glichen.<\/p>\n<\/div><\/div>\n\n\n\n<h4 class=\"wp-block-heading has-accent-2-color has-text-color has-background\" style=\"background-color:#f3f7f6\">Ausserdem<\/h4>\n\n\n\n<div class=\"wp-block-media-text alignwide has-media-on-the-right is-stacked-on-mobile\"><div class=\"wp-block-media-text__content\">\n<p style=\"font-size:20px\">Ausserdem lebe ich in Sursee, bin bekennender Mainzer, seit Ende der 80-er verheiratet, habe 3 erwachsene Kinder und (Stand Anfang 2025) f\u00fcnf super-tolle Enkelkinder &#8211; die mir manchmal die Zeit f\u00fcr die Werkstatt stehlen.<\/p>\n\n\n\n<p style=\"font-size:20px\">Ich gehe sehr gerne wandern, mache leichte Bergtouren und verbringe sommers wie winters viel Zeit in unserem &#8222;Gr\u00e4tli&#8220; im Trubertal (Napfgebiet) auf ca. 1&#8217;100 Metern H\u00f6he, von wo ich das meiste Holz f\u00fcr meine Arbeiten beziehe.<\/p>\n<\/div><figure class=\"wp-block-media-text__media\"><img loading=\"lazy\" decoding=\"async\" width=\"1024\" height=\"576\" src=\"https:\/\/thomas-schmitt.ch\/wp-content\/uploads\/2021\/05\/Postkarte-Graetli-1-1024x576.jpg\" alt=\"\" class=\"wp-image-325 size-full\" srcset=\"https:\/\/thomas-schmitt.ch\/wp-content\/uploads\/2021\/05\/Postkarte-Graetli-1-1024x576.jpg 1024w, https:\/\/thomas-schmitt.ch\/wp-content\/uploads\/2021\/05\/Postkarte-Graetli-1-300x169.jpg 300w, https:\/\/thomas-schmitt.ch\/wp-content\/uploads\/2021\/05\/Postkarte-Graetli-1-768x432.jpg 768w, https:\/\/thomas-schmitt.ch\/wp-content\/uploads\/2021\/05\/Postkarte-Graetli-1-500x281.jpg 500w, https:\/\/thomas-schmitt.ch\/wp-content\/uploads\/2021\/05\/Postkarte-Graetli-1-800x450.jpg 800w, https:\/\/thomas-schmitt.ch\/wp-content\/uploads\/2021\/05\/Postkarte-Graetli-1-496x279.jpg 496w, https:\/\/thomas-schmitt.ch\/wp-content\/uploads\/2021\/05\/Postkarte-Graetli-1.jpg 1280w\" sizes=\"auto, (max-width: 1024px) 100vw, 1024px\" \/><\/figure><\/div>\n\n\n\n<hr class=\"wp-block-separator has-alpha-channel-opacity is-style-wide\"\/>\n\n\n\n<div style=\"height:68px\" aria-hidden=\"true\" class=\"wp-block-spacer\"><\/div>\n\n\n<div class=\"wp-block-image is-style-rounded\">\n<figure class=\"aligncenter size-large is-resized\"><a href=\"https:\/\/thomas-schmitt.ch\/\"><img loading=\"lazy\" decoding=\"async\" width=\"1024\" height=\"491\" src=\"https:\/\/thomas-schmitt.ch\/wp-content\/uploads\/2021\/09\/cropped-Thomas-Schmitt-Logo-1024x491.png\" alt=\"\" class=\"wp-image-756\" style=\"width:403px;height:auto\" srcset=\"https:\/\/thomas-schmitt.ch\/wp-content\/uploads\/2021\/09\/cropped-Thomas-Schmitt-Logo-1024x491.png 1024w, https:\/\/thomas-schmitt.ch\/wp-content\/uploads\/2021\/09\/cropped-Thomas-Schmitt-Logo-300x144.png 300w, https:\/\/thomas-schmitt.ch\/wp-content\/uploads\/2021\/09\/cropped-Thomas-Schmitt-Logo-768x368.png 768w, https:\/\/thomas-schmitt.ch\/wp-content\/uploads\/2021\/09\/cropped-Thomas-Schmitt-Logo-500x240.png 500w, https:\/\/thomas-schmitt.ch\/wp-content\/uploads\/2021\/09\/cropped-Thomas-Schmitt-Logo-800x383.png 800w, https:\/\/thomas-schmitt.ch\/wp-content\/uploads\/2021\/09\/cropped-Thomas-Schmitt-Logo-1280x613.png 1280w, https:\/\/thomas-schmitt.ch\/wp-content\/uploads\/2021\/09\/cropped-Thomas-Schmitt-Logo-496x238.png 496w, https:\/\/thomas-schmitt.ch\/wp-content\/uploads\/2021\/09\/cropped-Thomas-Schmitt-Logo.png 1388w\" sizes=\"auto, (max-width: 1024px) 100vw, 1024px\" \/><\/a><\/figure>\n<\/div>\n\n\n<div style=\"height:68px\" aria-hidden=\"true\" class=\"wp-block-spacer\"><\/div>\n ","protected":false},"excerpt":{"rendered":"<p>Fr\u00fcher 2020 bin ich 60 Jahre alt geworden. Schon vorher habe ich gewusst, dass ich nicht bis zur Rente in dem Beruf bleiben werde, den &hellip;<\/p>\n","protected":false},"author":2,"featured_media":10,"parent":0,"menu_order":0,"comment_status":"closed","ping_status":"closed","template":"","meta":{"_vp_format_video_url":"","_vp_image_focal_point":[],"footnotes":""},"class_list":["post-134","page","type-page","status-publish","has-post-thumbnail","hentry"],"_links":{"self":[{"href":"https:\/\/thomas-schmitt.ch\/index.php?rest_route=\/wp\/v2\/pages\/134","targetHints":{"allow":["GET"]}}],"collection":[{"href":"https:\/\/thomas-schmitt.ch\/index.php?rest_route=\/wp\/v2\/pages"}],"about":[{"href":"https:\/\/thomas-schmitt.ch\/index.php?rest_route=\/wp\/v2\/types\/page"}],"author":[{"embeddable":true,"href":"https:\/\/thomas-schmitt.ch\/index.php?rest_route=\/wp\/v2\/users\/2"}],"replies":[{"embeddable":true,"href":"https:\/\/thomas-schmitt.ch\/index.php?rest_route=%2Fwp%2Fv2%2Fcomments&post=134"}],"version-history":[{"count":11,"href":"https:\/\/thomas-schmitt.ch\/index.php?rest_route=\/wp\/v2\/pages\/134\/revisions"}],"predecessor-version":[{"id":1720,"href":"https:\/\/thomas-schmitt.ch\/index.php?rest_route=\/wp\/v2\/pages\/134\/revisions\/1720"}],"wp:featuredmedia":[{"embeddable":true,"href":"https:\/\/thomas-schmitt.ch\/index.php?rest_route=\/wp\/v2\/media\/10"}],"wp:attachment":[{"href":"https:\/\/thomas-schmitt.ch\/index.php?rest_route=%2Fwp%2Fv2%2Fmedia&parent=134"}],"curies":[{"name":"wp","href":"https:\/\/api.w.org\/{rel}","templated":true}]}}