{"id":1514,"date":"2025-03-15T17:36:27","date_gmt":"2025-03-15T17:36:27","guid":{"rendered":"https:\/\/thomas-schmitt.ch\/?page_id=1514"},"modified":"2025-03-25T13:04:09","modified_gmt":"2025-03-25T13:04:09","slug":"kuenstlerregale","status":"publish","type":"page","link":"https:\/\/thomas-schmitt.ch\/?page_id=1514","title":{"rendered":"K\u00fcnstlerregale \/ Malw\u00e4nde"},"content":{"rendered":"\n<h2 class=\"wp-block-heading\">Isabelle Schmitt<\/h2>\n\n\n\n<div class=\"wp-block-columns is-layout-flex wp-container-core-columns-is-layout-9d6595d7 wp-block-columns-is-layout-flex\">\n<div class=\"wp-block-column is-layout-flow wp-block-column-is-layout-flow\">\n<figure class=\"wp-block-image size-full\"><img loading=\"lazy\" decoding=\"async\" width=\"1920\" height=\"2560\" src=\"https:\/\/thomas-schmitt.ch\/wp-content\/uploads\/2021\/05\/IMG_3072-scaled.jpg\" alt=\"\" class=\"wp-image-460\" srcset=\"https:\/\/thomas-schmitt.ch\/wp-content\/uploads\/2021\/05\/IMG_3072-scaled.jpg 1920w, https:\/\/thomas-schmitt.ch\/wp-content\/uploads\/2021\/05\/IMG_3072-225x300.jpg 225w\" sizes=\"auto, (max-width: 1920px) 100vw, 1920px\" \/><\/figure>\n<\/div>\n\n\n\n<div class=\"wp-block-column is-layout-flow wp-block-column-is-layout-flow\">\n<p class=\"has-normal-font-size\">K\u00fcnstler\/innen, die Bilder malen, haben schnell mal ein Problem:<\/p>\n\n\n\n<p class=\"has-normal-font-size\">Wohin mit meinen Kunstwerken?<\/p>\n\n\n\n<p>Ein Regal ist nat\u00fcrlich die naheliegenste Antwort. Aber jedes Atelier, jeder Raum, hat seine eigenen Verh\u00e4ltnisse, jede K\u00fcnstlerin ihre eigene Ideen. Die einen malen kleine, die anderen grosse Formate.<\/p>\n\n\n\n<p>Ein Bilderregal f\u00fcr eine K\u00fcnstlerwerkstatt ist nie gleich, jedesmal sind indiviuelle L\u00f6sungen wichtig.<\/p>\n\n\n\n<p>Links siehst du das Regal im Atelier meiner Frau. Ihr Raum ist knapp 4 Meter hoch, da bietet sich die Ausn\u00fctzung der H\u00f6he geradezu an.<\/p>\n\n\n\n<ul class=\"wp-block-social-links has-visible-labels is-content-justification-center is-layout-flex wp-container-core-social-links-is-layout-16018d1d wp-block-social-links-is-layout-flex\"><li class=\"wp-social-link wp-social-link-chain  wp-block-social-link\"><a rel=\"noopener nofollow\" target=\"_blank\" href=\"https:\/\/www.isabelle-schmitt.ch\" class=\"wp-block-social-link-anchor\"><svg width=\"24\" height=\"24\" viewBox=\"0 0 24 24\" version=\"1.1\" xmlns=\"http:\/\/www.w3.org\/2000\/svg\" aria-hidden=\"true\" focusable=\"false\"><path d=\"M15.6,7.2H14v1.5h1.6c2,0,3.7,1.7,3.7,3.7s-1.7,3.7-3.7,3.7H14v1.5h1.6c2.8,0,5.2-2.3,5.2-5.2,0-2.9-2.3-5.2-5.2-5.2zM4.7,12.4c0-2,1.7-3.7,3.7-3.7H10V7.2H8.4c-2.9,0-5.2,2.3-5.2,5.2,0,2.9,2.3,5.2,5.2,5.2H10v-1.5H8.4c-2,0-3.7-1.7-3.7-3.7zm4.6.9h5.3v-1.5H9.3v1.5z\"><\/path><\/svg><span class=\"wp-block-social-link-label\">www.isabelle-schmitt.ch<\/span><\/a><\/li><\/ul>\n<\/div>\n<\/div>\n\n\n\n<h2 class=\"wp-block-heading\">Rita Banz<\/h2>\n\n\n\n<div class=\"wp-block-columns is-layout-flex wp-container-core-columns-is-layout-9d6595d7 wp-block-columns-is-layout-flex\">\n<div class=\"wp-block-column is-layout-flow wp-block-column-is-layout-flow\">\n<p>Bei Rita ist der Raum normal hoch, sie hat Platz in der Breite.<\/p>\n\n\n\n<p>Aber sie malt oft sehr grossfl\u00e4chig, also braucht sie ein hohes und tiefes Regal.<\/p>\n\n\n\n<p>Zwischen den beiden Bilderregalebenen hat sie sich noch flache Ablagefl\u00e4chen f\u00fcr Zeichnungen oder eben kleinere Sachen gew\u00fcnscht.<\/p>\n\n\n\n<ul class=\"wp-block-social-links has-visible-labels is-content-justification-center is-layout-flex wp-container-core-social-links-is-layout-16018d1d wp-block-social-links-is-layout-flex\"><li class=\"wp-social-link wp-social-link-chain  wp-block-social-link\"><a rel=\"noopener nofollow\" target=\"_blank\" href=\"https:\/\/www.ritabanz.ch\" class=\"wp-block-social-link-anchor\"><svg width=\"24\" height=\"24\" viewBox=\"0 0 24 24\" version=\"1.1\" xmlns=\"http:\/\/www.w3.org\/2000\/svg\" aria-hidden=\"true\" focusable=\"false\"><path d=\"M15.6,7.2H14v1.5h1.6c2,0,3.7,1.7,3.7,3.7s-1.7,3.7-3.7,3.7H14v1.5h1.6c2.8,0,5.2-2.3,5.2-5.2,0-2.9-2.3-5.2-5.2-5.2zM4.7,12.4c0-2,1.7-3.7,3.7-3.7H10V7.2H8.4c-2.9,0-5.2,2.3-5.2,5.2,0,2.9,2.3,5.2,5.2,5.2H10v-1.5H8.4c-2,0-3.7-1.7-3.7-3.7zm4.6.9h5.3v-1.5H9.3v1.5z\"><\/path><\/svg><span class=\"wp-block-social-link-label\">www.ritabanz.ch<\/span><\/a><\/li><\/ul>\n<\/div>\n\n\n\n<div class=\"wp-block-column is-layout-flow wp-block-column-is-layout-flow\">\n<figure class=\"wp-block-image size-large\"><img loading=\"lazy\" decoding=\"async\" width=\"1024\" height=\"768\" src=\"https:\/\/thomas-schmitt.ch\/wp-content\/uploads\/2022\/12\/Bilderregal-RB-02-1024x768.jpg\" alt=\"\" class=\"wp-image-1241\" srcset=\"https:\/\/thomas-schmitt.ch\/wp-content\/uploads\/2022\/12\/Bilderregal-RB-02-1024x768.jpg 1024w, https:\/\/thomas-schmitt.ch\/wp-content\/uploads\/2022\/12\/Bilderregal-RB-02-300x225.jpg 300w, https:\/\/thomas-schmitt.ch\/wp-content\/uploads\/2022\/12\/Bilderregal-RB-02-768x576.jpg 768w, https:\/\/thomas-schmitt.ch\/wp-content\/uploads\/2022\/12\/Bilderregal-RB-02-1536x1152.jpg 1536w, https:\/\/thomas-schmitt.ch\/wp-content\/uploads\/2022\/12\/Bilderregal-RB-02-500x375.jpg 500w, https:\/\/thomas-schmitt.ch\/wp-content\/uploads\/2022\/12\/Bilderregal-RB-02-800x600.jpg 800w, https:\/\/thomas-schmitt.ch\/wp-content\/uploads\/2022\/12\/Bilderregal-RB-02-1280x960.jpg 1280w, https:\/\/thomas-schmitt.ch\/wp-content\/uploads\/2022\/12\/Bilderregal-RB-02-1920x1440.jpg 1920w, https:\/\/thomas-schmitt.ch\/wp-content\/uploads\/2022\/12\/Bilderregal-RB-02-400x300.jpg 400w, https:\/\/thomas-schmitt.ch\/wp-content\/uploads\/2022\/12\/Bilderregal-RB-02.jpg 2048w\" sizes=\"auto, (max-width: 1024px) 100vw, 1024px\" \/><\/figure>\n<\/div>\n<\/div>\n\n\n\n<h2 class=\"wp-block-heading\">Erika Jaun &#8211; Malwand<\/h2>\n\n\n\n<div class=\"wp-block-columns is-layout-flex wp-container-core-columns-is-layout-9d6595d7 wp-block-columns-is-layout-flex\">\n<div class=\"wp-block-column is-layout-flow wp-block-column-is-layout-flow\">\n<div class=\"wp-block-columns is-layout-flex wp-container-core-columns-is-layout-9d6595d7 wp-block-columns-is-layout-flex\">\n<div class=\"wp-block-column is-layout-flow wp-block-column-is-layout-flow\">\n<figure class=\"wp-block-image size-large\"><img loading=\"lazy\" decoding=\"async\" width=\"1024\" height=\"768\" src=\"https:\/\/thomas-schmitt.ch\/wp-content\/uploads\/2025\/03\/Malwand-Erika-Jaun-1-1024x768.png\" alt=\"\" class=\"wp-image-1541\" srcset=\"https:\/\/thomas-schmitt.ch\/wp-content\/uploads\/2025\/03\/Malwand-Erika-Jaun-1-1024x768.png 1024w, https:\/\/thomas-schmitt.ch\/wp-content\/uploads\/2025\/03\/Malwand-Erika-Jaun-1-300x225.png 300w, https:\/\/thomas-schmitt.ch\/wp-content\/uploads\/2025\/03\/Malwand-Erika-Jaun-1-768x576.png 768w, https:\/\/thomas-schmitt.ch\/wp-content\/uploads\/2025\/03\/Malwand-Erika-Jaun-1-1536x1152.png 1536w, https:\/\/thomas-schmitt.ch\/wp-content\/uploads\/2025\/03\/Malwand-Erika-Jaun-1-2048x1536.png 2048w, https:\/\/thomas-schmitt.ch\/wp-content\/uploads\/2025\/03\/Malwand-Erika-Jaun-1-500x375.png 500w, https:\/\/thomas-schmitt.ch\/wp-content\/uploads\/2025\/03\/Malwand-Erika-Jaun-1-800x600.png 800w, https:\/\/thomas-schmitt.ch\/wp-content\/uploads\/2025\/03\/Malwand-Erika-Jaun-1-1280x960.png 1280w, https:\/\/thomas-schmitt.ch\/wp-content\/uploads\/2025\/03\/Malwand-Erika-Jaun-1-1920x1440.png 1920w, https:\/\/thomas-schmitt.ch\/wp-content\/uploads\/2025\/03\/Malwand-Erika-Jaun-1-400x300.png 400w\" sizes=\"auto, (max-width: 1024px) 100vw, 1024px\" \/><\/figure>\n<\/div>\n\n\n\n<div class=\"wp-block-column is-layout-flow wp-block-column-is-layout-flow\">\n<figure class=\"wp-block-image size-large\"><img loading=\"lazy\" decoding=\"async\" width=\"768\" height=\"1024\" src=\"https:\/\/thomas-schmitt.ch\/wp-content\/uploads\/2025\/03\/Malwand-Erika-Jaun-2-768x1024.jpg\" alt=\"\" class=\"wp-image-1538\" srcset=\"https:\/\/thomas-schmitt.ch\/wp-content\/uploads\/2025\/03\/Malwand-Erika-Jaun-2-768x1024.jpg 768w, https:\/\/thomas-schmitt.ch\/wp-content\/uploads\/2025\/03\/Malwand-Erika-Jaun-2-225x300.jpg 225w, https:\/\/thomas-schmitt.ch\/wp-content\/uploads\/2025\/03\/Malwand-Erika-Jaun-2-1152x1536.jpg 1152w, https:\/\/thomas-schmitt.ch\/wp-content\/uploads\/2025\/03\/Malwand-Erika-Jaun-2-1536x2048.jpg 1536w, https:\/\/thomas-schmitt.ch\/wp-content\/uploads\/2025\/03\/Malwand-Erika-Jaun-2-500x667.jpg 500w, https:\/\/thomas-schmitt.ch\/wp-content\/uploads\/2025\/03\/Malwand-Erika-Jaun-2-800x1067.jpg 800w, https:\/\/thomas-schmitt.ch\/wp-content\/uploads\/2025\/03\/Malwand-Erika-Jaun-2-1280x1707.jpg 1280w, https:\/\/thomas-schmitt.ch\/wp-content\/uploads\/2025\/03\/Malwand-Erika-Jaun-2-scaled.jpg 1920w\" sizes=\"auto, (max-width: 768px) 100vw, 768px\" \/><\/figure>\n<\/div>\n<\/div>\n<\/div>\n\n\n\n<div class=\"wp-block-column is-layout-flow wp-block-column-is-layout-flow\">\n<p>Ein besonders sch\u00f6nes Projekt war die Malwand von Erika Jaun. Erika hat bis zu diesem Zeitpunkt ihre Bilder, an denen sie gearbeitet hat, einfach an ihrer Atelierwand &#8222;genagelt&#8220;. Mit der Zeit gab es halt immer mehr L\u00f6cher, die Wand ist verkleckst und so weiter.<\/p>\n\n\n\n<p>Mit der neuen Malwand bleibt die Wohnung unbeschadet &#8211; und ist erst noch ein Hingucker!<\/p>\n\n\n\n<ul class=\"wp-block-social-links has-visible-labels is-content-justification-center is-layout-flex wp-container-core-social-links-is-layout-16018d1d wp-block-social-links-is-layout-flex\"><li class=\"wp-social-link wp-social-link-chain  wp-block-social-link\"><a rel=\"noopener nofollow\" target=\"_blank\" href=\"https:\/\/www.erikajaun.com\" class=\"wp-block-social-link-anchor\"><svg width=\"24\" height=\"24\" viewBox=\"0 0 24 24\" version=\"1.1\" xmlns=\"http:\/\/www.w3.org\/2000\/svg\" aria-hidden=\"true\" focusable=\"false\"><path d=\"M15.6,7.2H14v1.5h1.6c2,0,3.7,1.7,3.7,3.7s-1.7,3.7-3.7,3.7H14v1.5h1.6c2.8,0,5.2-2.3,5.2-5.2,0-2.9-2.3-5.2-5.2-5.2zM4.7,12.4c0-2,1.7-3.7,3.7-3.7H10V7.2H8.4c-2.9,0-5.2,2.3-5.2,5.2,0,2.9,2.3,5.2,5.2,5.2H10v-1.5H8.4c-2,0-3.7-1.7-3.7-3.7zm4.6.9h5.3v-1.5H9.3v1.5z\"><\/path><\/svg><span class=\"wp-block-social-link-label\">www.erikajaun.com<\/span><\/a><\/li><\/ul>\n<\/div>\n<\/div>\n\n\n\n<h2 class=\"wp-block-heading\">Erika Jaun &#8211; Bilderregal<\/h2>\n\n\n\n<div class=\"wp-block-columns is-layout-flex wp-container-core-columns-is-layout-9d6595d7 wp-block-columns-is-layout-flex\">\n<div class=\"wp-block-column is-layout-flow wp-block-column-is-layout-flow\">\n<p>Auf den ersten Blick sieht nat\u00fcrlich die L\u00f6sung f\u00fcr Erika Jaun gleich aus wie bei Rita Banz, wenn man von dem schmalen Zwischenfach absieht.<\/p>\n\n\n\n<p>Das Atelier von Erika ist jedoch in einem Altbau in Luzern. Keine graden W\u00e4nde, kein rechter Winkel in der Raumecke, kein ebener Boden.<\/p>\n\n\n\n<ul class=\"wp-block-social-links has-visible-labels is-content-justification-center is-layout-flex wp-container-core-social-links-is-layout-16018d1d wp-block-social-links-is-layout-flex\"><li class=\"wp-social-link wp-social-link-chain  wp-block-social-link\"><a rel=\"noopener nofollow\" target=\"_blank\" href=\"https:\/\/www.erikajaun.com\" class=\"wp-block-social-link-anchor\"><svg width=\"24\" height=\"24\" viewBox=\"0 0 24 24\" version=\"1.1\" xmlns=\"http:\/\/www.w3.org\/2000\/svg\" aria-hidden=\"true\" focusable=\"false\"><path d=\"M15.6,7.2H14v1.5h1.6c2,0,3.7,1.7,3.7,3.7s-1.7,3.7-3.7,3.7H14v1.5h1.6c2.8,0,5.2-2.3,5.2-5.2,0-2.9-2.3-5.2-5.2-5.2zM4.7,12.4c0-2,1.7-3.7,3.7-3.7H10V7.2H8.4c-2.9,0-5.2,2.3-5.2,5.2,0,2.9,2.3,5.2,5.2,5.2H10v-1.5H8.4c-2,0-3.7-1.7-3.7-3.7zm4.6.9h5.3v-1.5H9.3v1.5z\"><\/path><\/svg><span class=\"wp-block-social-link-label\">www.erikajaun.com<\/span><\/a><\/li><\/ul>\n<\/div>\n\n\n\n<div class=\"wp-block-column is-layout-flow wp-block-column-is-layout-flow\">\n<figure class=\"wp-block-image size-large\"><img loading=\"lazy\" decoding=\"async\" width=\"1024\" height=\"1006\" src=\"https:\/\/thomas-schmitt.ch\/wp-content\/uploads\/2022\/12\/Bilderregal-EJ-01-1024x1006.jpg\" alt=\"\" class=\"wp-image-1243\" srcset=\"https:\/\/thomas-schmitt.ch\/wp-content\/uploads\/2022\/12\/Bilderregal-EJ-01-1024x1006.jpg 1024w, https:\/\/thomas-schmitt.ch\/wp-content\/uploads\/2022\/12\/Bilderregal-EJ-01-300x295.jpg 300w, https:\/\/thomas-schmitt.ch\/wp-content\/uploads\/2022\/12\/Bilderregal-EJ-01-768x755.jpg 768w, https:\/\/thomas-schmitt.ch\/wp-content\/uploads\/2022\/12\/Bilderregal-EJ-01-500x491.jpg 500w, https:\/\/thomas-schmitt.ch\/wp-content\/uploads\/2022\/12\/Bilderregal-EJ-01-800x786.jpg 800w, https:\/\/thomas-schmitt.ch\/wp-content\/uploads\/2022\/12\/Bilderregal-EJ-01-305x300.jpg 305w, https:\/\/thomas-schmitt.ch\/wp-content\/uploads\/2022\/12\/Bilderregal-EJ-01.jpg 1099w\" sizes=\"auto, (max-width: 1024px) 100vw, 1024px\" \/><\/figure>\n<\/div>\n<\/div>\n\n\n\n<div style=\"height:68px\" aria-hidden=\"true\" class=\"wp-block-spacer\"><\/div>\n\n\n\n<hr class=\"wp-block-separator has-alpha-channel-opacity is-style-wide\"\/>\n\n\n\n<div style=\"height:68px\" aria-hidden=\"true\" class=\"wp-block-spacer\"><\/div>\n\n\n<div class=\"wp-block-image is-style-rounded\">\n<figure class=\"aligncenter size-large is-resized\"><a href=\"https:\/\/thomas-schmitt.ch\/\"><img loading=\"lazy\" decoding=\"async\" width=\"1024\" height=\"491\" src=\"https:\/\/thomas-schmitt.ch\/wp-content\/uploads\/2021\/09\/cropped-Thomas-Schmitt-Logo-1024x491.png\" alt=\"\" class=\"wp-image-756\" style=\"width:403px;height:auto\" srcset=\"https:\/\/thomas-schmitt.ch\/wp-content\/uploads\/2021\/09\/cropped-Thomas-Schmitt-Logo-1024x491.png 1024w, https:\/\/thomas-schmitt.ch\/wp-content\/uploads\/2021\/09\/cropped-Thomas-Schmitt-Logo-300x144.png 300w, https:\/\/thomas-schmitt.ch\/wp-content\/uploads\/2021\/09\/cropped-Thomas-Schmitt-Logo-768x368.png 768w, https:\/\/thomas-schmitt.ch\/wp-content\/uploads\/2021\/09\/cropped-Thomas-Schmitt-Logo-500x240.png 500w, https:\/\/thomas-schmitt.ch\/wp-content\/uploads\/2021\/09\/cropped-Thomas-Schmitt-Logo-800x383.png 800w, https:\/\/thomas-schmitt.ch\/wp-content\/uploads\/2021\/09\/cropped-Thomas-Schmitt-Logo-1280x613.png 1280w, https:\/\/thomas-schmitt.ch\/wp-content\/uploads\/2021\/09\/cropped-Thomas-Schmitt-Logo-496x238.png 496w, https:\/\/thomas-schmitt.ch\/wp-content\/uploads\/2021\/09\/cropped-Thomas-Schmitt-Logo.png 1388w\" sizes=\"auto, (max-width: 1024px) 100vw, 1024px\" \/><\/a><\/figure>\n<\/div>\n\n\n<div style=\"height:68px\" aria-hidden=\"true\" class=\"wp-block-spacer\"><\/div>\n ","protected":false},"excerpt":{"rendered":"<p>Isabelle Schmitt K\u00fcnstler\/innen, die Bilder malen, haben schnell mal ein Problem: Wohin mit meinen Kunstwerken? Ein Regal ist nat\u00fcrlich die naheliegenste Antwort. Aber jedes Atelier, &hellip;<\/p>\n","protected":false},"author":2,"featured_media":462,"parent":0,"menu_order":0,"comment_status":"closed","ping_status":"closed","template":"","meta":{"_vp_format_video_url":"","_vp_image_focal_point":{"x":0.5,"y":0.5},"footnotes":""},"class_list":["post-1514","page","type-page","status-publish","has-post-thumbnail","hentry"],"_links":{"self":[{"href":"https:\/\/thomas-schmitt.ch\/index.php?rest_route=\/wp\/v2\/pages\/1514","targetHints":{"allow":["GET"]}}],"collection":[{"href":"https:\/\/thomas-schmitt.ch\/index.php?rest_route=\/wp\/v2\/pages"}],"about":[{"href":"https:\/\/thomas-schmitt.ch\/index.php?rest_route=\/wp\/v2\/types\/page"}],"author":[{"embeddable":true,"href":"https:\/\/thomas-schmitt.ch\/index.php?rest_route=\/wp\/v2\/users\/2"}],"replies":[{"embeddable":true,"href":"https:\/\/thomas-schmitt.ch\/index.php?rest_route=%2Fwp%2Fv2%2Fcomments&post=1514"}],"version-history":[{"count":18,"href":"https:\/\/thomas-schmitt.ch\/index.php?rest_route=\/wp\/v2\/pages\/1514\/revisions"}],"predecessor-version":[{"id":1718,"href":"https:\/\/thomas-schmitt.ch\/index.php?rest_route=\/wp\/v2\/pages\/1514\/revisions\/1718"}],"wp:featuredmedia":[{"embeddable":true,"href":"https:\/\/thomas-schmitt.ch\/index.php?rest_route=\/wp\/v2\/media\/462"}],"wp:attachment":[{"href":"https:\/\/thomas-schmitt.ch\/index.php?rest_route=%2Fwp%2Fv2%2Fmedia&parent=1514"}],"curies":[{"name":"wp","href":"https:\/\/api.w.org\/{rel}","templated":true}]}}